 of 86076 and 276804?
108
What is the highest common divisor of 4050 and 946250?
50
What is the greatest common factor of 76322 and 2103779?
1231
Calculate the greatest common factor of 102 and 16459281.
51
Calculate the greatest common divisor of 8717 and 150466.
23
Calculate the highest common factor of 63190 and 9261950.
710
Calculate the greatest common divisor of 23906208 and 4464.
1488
Calculate the greatest common factor of 74497575 and 4370.
2185
What is the highest common divisor of 91104 and 388068?
876
Calculate the highest common divisor of 272098222 and 37.
37
What is the greatest common divisor of 498784 and 473?
11
Calculate the greatest common factor of 146402980 and 760.
380
What is the highest common divisor of 644790860 and 20720?
5180
What is the greatest common divisor of 152823 and 62799?
363
Calculate the greatest common factor of 18 and 18653238.
18
Calculate the highest common factor of 224 and 362594428.
28
Calculate the highest common factor of 75098588 and 92.
92
Calculate the highest common factor of 79880 and 6760.
40
What is the highest common divisor of 93288 and 576564?
276
Calculate the greatest common factor of 7240618 and 7546.
154
What is the highest common divisor of 11161756 and 3595?
719
Calculate the highest common divisor of 8210910 and 2280.
30
What is the highest common factor of 248415679 and 410?
41
Calculate the greatest common factor of 24852 and 21.
3
What is the highest common factor of 3094 and 717088645?
1547
What is the greatest common divisor of 53431183 and 169?
13
What is the highest common factor of 32064 and 817824?
96
Calculate the highest common divisor of 541490727 and 326.
163
Calculate the greatest common factor of 11504881 and 51037.
317
What is the greatest common factor of 67465 and 80855?
515
What is the greatest common factor of 340 and 28675532?
68
What is the highest common divisor of 433 and 3015357875?
433
What is the highest common divisor of 5442528 and 637?
637
Calculate the highest common divisor of 2575094 and 2864.
358
Calculate the greatest common divisor of 9487460 and 7828.
76
What is the highest common divisor of 26570 and 181430?
10
Calculate the greatest common divisor of 109964605 and 375105.
7355
What is the greatest common factor of 10 and 63409005?
5
What is the greatest common factor of 3627 and 46706244?
39
What is the highest common factor of 1220217588 and 108?
108
What is the greatest common divisor of 95525 and 1004923?
3821
Calculate the highest common divisor of 2442740 and 19610.
370
Calculate the greatest common divisor of 9794 and 15399354.
118
Calculate the greatest common factor of 8909095 and 13.
13
What is the highest common factor of 3162 and 9748074?
186
What is the greatest common factor of 1416766934 and 23694?
7898
What is the highest common divisor of 223118161 and 791?
791
What is the highest common divisor of 3150158 and 1301366?
3278
What is the greatest common factor of 110079 and 318897?
81
Calculate the greatest common divisor of 1344 and 1381200.
48
What is the greatest common divisor of 3121166 and 136?
34
What is the highest common factor of 7075 and 1363777?
283
Calculate the greatest common divisor of 75416289 and 195.
39
What is the highest common divisor of 54230 and 2116942?
986
Calculate the highest common divisor of 336745056 and 5295.
1059
What is the highest common divisor of 28050 and 703510?
10
What is the greatest common factor of 68882093 and 697748?
10261
Calculate the greatest common divisor of 180138 and 54.
6
What is the greatest common divisor of 135641863 and 21?
7
Calculate the highest common factor of 1278831 and 3198.
123
Calculate the highest common divisor of 43931 and 70914.
223
What is the greatest common divisor of 42 and 8446228?
14
Calculate the highest common factor of 33406056 and 552.
24
What is the greatest common divisor of 44 and 37231084?
44
Calculate the highest common factor of 3040 and 68082320.
1520
Calculate the greatest common factor of 7947 and 162472.
883
What is the highest common factor of 41691 and 84032?
13
Calculate the greatest common divisor of 63780541 and 1265.
253
Calculate the highest common divisor of 5787104 and 4672.
32
Calculate the greatest common factor of 6657914 and 79237.
1003
What is the highest common factor of 4446463 and 7?
7
Calculate the highest common factor of 560 and 37510396.
28
What is the highest common divisor of 378954 and 3108?
222
What is the greatest common factor of 3344 and 46688048?
176
What is the greatest common factor of 129508188 and 132?
12
Calculate the greatest common factor of 381576096 and 198.
198
Calculate the highest common divisor of 5276421 and 44469.
81
What is the highest common divisor of 638 and 7048566?
58
Calculate the greatest common divisor of 9273 and 12709911.
843
What is the highest common factor of 822 and 2638974?
6
Calculate the highest common divisor of 23 and 505238424.
23
What is the highest common divisor of 1552985 and 85?
5
Calculate the highest common divisor of 3300 and 6954420.
660
What is the greatest common factor of 143 and 349877?
11
What is the greatest common factor of 16896 and 67848?
264
What is the highest common factor of 37386 and 4205322?
1206
Calculate the greatest common divisor of 4850380 and 140.
20
Calculate the greatest common factor of 60467520 and 2064.
48
Calculate the greatest common divisor of 28642644 and 5418.
774
Calculate the highest common divisor of 24671808 and 3024.
1008
Calculate the greatest common divisor of 9534 and 74047854.
1362
What is the greatest common factor of 37583090 and 255?
85
Calculate the highest common divisor of 342044235 and 195.
195
What is the greatest common factor of 20671 and 83363?
7
Calculate the highest common divisor of 6228651 and 715.
143
What is the highest common divisor of 5001182 and 4?
2
What is the highest common divisor of 729249 and 18938?
17
Calculate the highest common divisor of 1281 and 479299387.
427
What is the highest common divisor of 27388 and 100367?
167
Calculate the highest common factor of 91 and 10985709.
7
Calculate the greatest common divisor of 2718346 and 38.
2
What is the greatest common divisor of 122677 and 11323?
67
Calculate the highest common factor of 230018726 and 14.
14
What is the highest common factor of 2601 and 26505?
9
What is the greatest common divisor of 22227711 and 143?
11
What is the greatest common divisor of 259 and 1375255?
7
What is the greatest common divisor of 245 and 22089935?
245
Calculate the greatest common factor of 1833968 and 512.
16
What is the greatest common divisor of 84 and 18672402?
42
What is the greatest common divisor of 3993911943 and 581?
581
What is the highest common factor of 1374208 and 864?
32
What is the highest common factor of 49147 and 33133751?
2891
Calculate the greatest common divisor of 12897 and 406935.
9
What is the highest common factor of 454899853 and 177?
59
Calculate the greatest common factor of 3430512 and 72.
72
Calculate the greatest common divisor of 9070156 and 290.
58
What is the highest common factor of 83376 and 180348464?
3088
Calculate the highest common factor of 4707 and 8481.
3
Calculate the highest common factor of 256793 and 210769.
523
What is the highest common factor of 168 and 2451288?
168
What is the greatest common factor of 378192090 and 40?
10
Calculate the greatest common divisor of 2809 and 3934265737.
2809
Calculate the greatest common factor of 35938896 and 2688.
336
Calculate the highest common factor of 8557 and 344000.
43
What is the highest common divisor of 2796590 and 1250?
10
What is the greatest common divisor of 25748 and 1485020?
164
Calculate the greatest common divisor of 47827 and 108667.
169
Calculate the greatest common factor of 1405 and 3617150.
5
Calculate the highest common factor of 1290 and 5304609.
129
What is the greatest common factor of 6 and 87501462?
6
Calculate the highest common divisor of 113406 and 2378.
82
What is the highest common factor of 241344290 and 880?
110
Calculate the highest common factor of 30328449 and 54444.
1047
What is the highest common factor of 6061 and 30215361?
319
Calculate the highest common factor of 84636 and 41508.
36
Calculate the highest common divisor of 452117 and